9. Let h be k(-29). Give w(h).
16
Let k(w) = 5*w**2 + 15*w - 12. Let m(b) be the first derivative of -2*b**3/3 - 5*b**2/2 + 4*b + 4. Let o(g) = 3*k(g) + 8*m(g). Determine o(3).
2
Let r be (-3 - -1)/((-1)/2). Let c be (-12)/(-8)*4/3. Let i(q) = 0 + 3 - 3 + 1 - c*q. Calculate i(r).
-7
Let m = 16 + -14. Let o(x) = x**2 - 4*x - 1. Determine o(m).
-5
Suppose 4*q + 3 = 11, q = -s + 2. Suppose s = -5*i + 17 + 18. Let f(u) = -u + 6. What is f(i)?
-1
Suppose 4*m + 4 = -0*m. Let w(h) = 0*h - 2*h - 6*h**2 + 3 - 5*h**2 + 0*h. Let x(z) = -21*z**2 - 4*z + 5. Let v(k) = -7*w(k) + 4*x(k). What is v(m)?
-6
Let s = -171/2 + 88. Let m(p) be the first derivative of 1 - 1/4*p**4 + 2*p**3 - s*p**2 + 6*p. What is m(5)?
6
Let p(a) = a - 1. Let x(h) = -2*h + 1. Let l(j) = 3*p(j) + x(j). Suppose -b + 0*y + 3*y + 12 = 0, 5 = 5*y. Let m = -10 + b. Give l(m).
3
Let v(p) = 45 + 47 + 8*p**2 + p**3 - 7*p - 80. What is v(-9)?
-6
Let q = -18 + 25. Let l(r) = -7 + q - 2*r + 0*r - 1. What is l(-4)?
7
Let p(v) = -v**3 - 27*v**2 + 26*v - 58. Let w be p(-28). Let f(a) = a**2 - 5*a + 5. Let b be f(4). Let j(i) = 2*i**2 - 5 + b + 1 - 3*i + 2*i**3. Determine j(w).
-5
Let q(m) = m**3 - 3*m**2 + 2*m - 1. Suppose 0 = z + 5*y - 23, -9 = -z - 4*y + 10. Let v be q(z). Let h(a) = -a - 1. Calculate h(v).
-6
Suppose -4*g + 15 + 17 = 0. Let y be (-10 - -1)*g/12. Let w(v) = -v**2 - 5*v - 4. Determine w(y).
-10
Let k(g) = 4*g**2 - 5*g - 8. Let l(i) = -9*i**2 + 11*i + 16. Let t(u) = 7*k(u) + 3*l(u). Let a be t(4). Let x(y) = -y**2 + y. What is x(a)?
0
Let c = 0 - 0. Let s(r) = -4*r - 5. Let q(d) = -d + 4. Let t(f) = -1. Let g(u) = q(u) + 3*t(u). Let x(i) = 3*g(i) - s(i). Determine x(c).
8
Suppose 0 = 5*l + 20 - 0. Let j(m) = -m**3 - 3*m**2 + 3*m - 4. Calculate j(l).
0
Let c(u) be the third derivative of u**4/3 - u**3/6 + 3*u**2. Give c(1).
7
Let a(g) = -2*g + 3. Let d(h) = 1. Let t(w) = a(w) - 4*d(w). Calculate t(-7).
13
Let o(t) = 16*t**3 - t**2 - 10*t - 26. Let j(h) = 3*h**3 - 2*h - 5. Let z(d) = -11*j(d) + 2*o(d). Give z(-2).
-1
Let s(b) = -13*b - 7. Let k(x) = 18*x + 10. Let p(l) = -5*k(l) - 7*s(l). Suppose -4*d + 0 = -4. Let u be 0 + -1 - (1 + d). Determine p(u).
-4
Let f(m) = -m**3 + m + 1. Let z(a) = 5*a**3 + 8*a**2 + 5*a + 6. Let d(s) = 4*f(s) + z(s). Give d(-7).
-4
Let h = 5 + -1. Let p(y) = 2 + y - h*y - 15 - 4. Let x(t) = -t - 6. Let z(n) = -2*p(n) + 7*x(n). Calculate z(-5).
-3
Let p(t) be the first derivative of 0*t - t**2 - 1/12*t**5 - 1/24*t**4 + 1/120*t**6 + 2 + 2/3*t**3. Let c(o) be the second derivative of p(o). Give c(5).
-1
Let a(y) be the first derivative of -y**2/2 - 3*y + 6. Suppose 0 = -d - 3. Give a(d).
0
Let y(r) = 5*r + 1. Suppose -6 = 29*h - 35*h. Give y(h).
6
Let j(p) be the third derivative of -p**5/60 - 7*p**4/24 + 13*p**2. Give j(-7).
0
Let q be 1 + -4 + 5*1. Suppose -8 = -q*u - 2. Let j(t) = t**3 - 2*t**2 - 2*t + 4. Calculate j(u).
7
Let l(d) = -1 + d**3 - 2*d**3 + 3 - 4*d**2 + 4*d. Let g be (-2)/(-3) + (-23)/3. Let p = 2 + g. What is l(p)?
7
Suppose -5*z + 3*a + 0*a = 5, -5*a + 35 = 5*z. Let y(j) = 3*j**2 - 4 - 2 + 4 - 2*j**3. Calculate y(z).
-6
Let t = 23 - 17. Let l(q) = -q**3 + 5*q**2 + 4*q + 4. Give l(t).
-8
Let t(q) = -2*q + 15 + 2 + 3*q - 5. Give t(-6).
6
Let i(r) = -r**2 + 5*r + 2. Suppose -19 = 3*t - 73. Suppose 5*d - t - 2 = 0. Let n(j) = -j**3 + 4*j**2 + 4. Let w be n(d). Calculate i(w).
6
Let n(g) = -g**2 + 7*g - 3. Let l(p) = 6*p + 24. Let y be l(-3). Determine n(y).
3
Let y(s) = 2*s**2 - 3*s - 6. Let w(u) = -u - 1. Let i = -2 + 1. Let d(h) = i*y(h) + 4*w(h). Suppose 3*n = -3*t + 3, -t - 2*t - 4*n = -6. Determine d(t).
-4
Let u = -108 - -111. Let a(s) = s**3 - 2*s**2 - s + 4. Let t(w) = -3*w**3 + 6*w**2 + 3*w - 12. Let z(c) = 17*a(c) + 6*t(c). Calculate z(u).
-10
Let s(v) = -2*v**2 - 5*v + 6. Let i(t) = 5*t**2 + 14*t - 17. Let h(a) = 3*i(a) + 8*s(a). Let w(k) = -1. Let z(f) = -h(f) + 6*w(f). Calculate z(4).
5
Let u(i) = i**3 - 4*i**2 + 6*i - 4. Let m(a) = 2*a**3 - 8*a**2 + 13*a - 9. Let p(z) = 6*m(z) - 13*u(z). What is p(4)?
-2
Let f(r) = r**2 - 6*r + 10. Let d be f(4). Let y(m) be the second derivative of 2*m**d + 0 - m - 1/2*m**3. Determine y(5).
-11
Suppose 0 = -d + 2*d - 4. Let b(t) = -3 + 4 + d*t + 2 + 3*t**2. Suppose 4*r + 0 = -3*n - 2, 6 = -5*r - 2*n. Determine b(r).
7
Let i(c) = -c**2 + 5*c - 2. Let t be ((-45)/12)/((-3)/8). Let h(d) = -3*d + 1. Let r be h(-5). Let k = r - t. Calculate i(k).
-8
Suppose -4*n + 2*n = -2*f + 10, -4*f - 4*n + 4 = 0. Let s(l) = 3*l + 2 - 5*l + f*l. Suppose 0 = -a + 3 - 5. Calculate s(a).
0
Suppose -3*h - 1 = -4. Let u(z) = -5*z + 2. Let s(a) = -1. Suppose 0 = -0*g - 5*g + 25. Let k(v) = g*s(v) + h*u(v). Determine k(-3).
12
Let h(u) = 2*u + 2. Let p be h(-4). Let r(g) = -g + 1. What is r(p)?
7
Let w(i) be the first derivative of -i**5/40 + i**3/3 + 4. Let n(x) be the third derivative of w(x). Give n(-3).
9
Let r(f) = -f**2 - 5*f - 2. Let a(n) be the third derivative of n**5/60 - n**4/24 - n**3 + 3*n**2. Let k be a(0). Determine r(k).
-8
Let q = -25 + 27. Let b(h) be the first derivative of -2/3*h**3 + 1 + h**q - h + 1/4*h**4. Calculate b(2).
3
Let u(w) = -4*w + 4. Let o(t) = -2*t - 2*t**2 + 4 + 3*t - 2*t**2 + 3*t**2. Let l be o(0). What is u(l)?
-12
Let k(a) be the second derivative of 3/2*a**2 + 5/6*a**3 + 0 + 3*a + 1/12*a**4. Calculate k(-5).
3
Let w(i) be the third derivative of i**6/720 + i**4/12 - i**2. Let x(t) be the second derivative of w(t). Suppose -8*f + 3*f - 30 = 0. Determine x(f).
-6
Let m = -14 - -20. Let y(j) = j - 1. Let n(l) = -5*l + 1. Let s(z) = -n(z) - 6*y(z). Determine s(m).
-1
Let g(h) = h**2 - h - 1. Let s(a) = 5*a**2 + 16*a - 9. Let x(y) = 2*y**2 + 8*y - 4. Let l(z) = 3*s(z) - 7*x(z). Let v(w) = -3*g(w) + l(w). Calculate v(-4).
-8
Let z(w) = -w**3 + w**2 - 10. Let v = -18 + 18. Determine z(v).
-10
Suppose k - 14 = 4*q - 8*q, -2*q - 5*k + 16 = 0. Let o(g) = 6*g - 4. Calculate o(q).
14
Let i(o) = -3*o**2 + 3*o - 6. Let t(n) = -7*n**2 + 6*n - 13. Let h(m) = 5*i(m) - 2*t(m). What is h(4)?
-8
Suppose 3*d + 30 = -3*d. Let v(i) = -i + 5. Give v(d).
10
Suppose 4 = 2*u - 4*d, u - 3*d = 4 - 6. Let x = -9 + u. Let g(p) = 9*p. Calculate g(x).
9
Let q(v) be the second derivative of -2*v**3/3 - 13*v - 1. Determine q(4).
-16
Let f(u) = 6*u**3 - 2*u**2 - 5*u. Let l be (-42)/(-10) + (-2)/10. Let j(g) = 5*g**3 - 2*g**2 - 4*g. Let b(p) = l*f(p) - 5*j(p). What is b(2)?
0
Let n(z) be the third derivative of -z**4/24 + 7*z**3/6 - 25*z**2. Suppose y - 25 = -4*y. What is n(y)?
2
Let y be (-3)/(3 + (-18)/8). Let m = 1 + 1. Let s(k) = 0*k**m + k**2 + 7*k + 6 + 0. Determine s(y).
-6
Let f = -127 - -123. Let l(t) = 5*t - 2. Determine l(f).
-22
Let n(x) = -2*x - 6. Suppose -9*d + 7*d + 10 = 0. Determine n(d).
-16
Let k be 9 - 4/(12/9). Suppose k*j = j + 5. Let n(x) = -x**2 + 7 - j - 2*x - 1. Determine n(-4).
-3
Let g(a) = -5*a**3 + a**2. Let p be g(1). Let y(t) = 5*t - 19. Let f(j) = 3*j - 10. Let k(q) = -11*f(q) + 6*y(q). Calculate k(p).
8
Let r(q) = -3*q + 0*q + 1 + 2*q. Suppose 0*g = 3*g - 12. Determine r(g).
-3
Let h(b) = -b + 1. Suppose 0 = -4*a - a - 20. Let z be (-4)/6 + a/(-6). Suppose k - 2*o + 5 = -0*k, z = o. Determine h(k).
6
Suppose 0 = 4*c + 5*f - 20, -5 = -c - 4*f + 6*f. Let d be -10 - -15 - (2 - 1). Let s(q) = q**3 + 2 - 7*q - 4*q**2 - 2 + d + 3. Calculate s(c).
-3
Let u(k) = 3 - 4 - k + 2. Suppose 4*x + 0*x + m = 12, -m - 16 = -3*x. Determine u(x).
-3
Suppose 2*c - g + 7 = 2*g, g = -3*c + 17. Let s(y) be the first derivative of -y**2/2 + y + 5. Give s(c).
-3
Let j(t) = -t**2 + 6*t - 4. Let p be (-7 - -9) + 1*2*2. Calculate j(p).
-4
Suppose -3*r = 3, 4*f - 5*r = -8 - 15. Let w = f + 4. Let x(h) = h. What is x(w)?
-3
Suppose -4*c + 0*w - 12 = 2*w, -12 = 4*c - 4*w. Let i(u) = -20*u - 13. Let x(f) = 11*f + 7. Let v(b) = 6*i(b) + 11*x(b). What is v(c)?
-4
Let j(q) = -q**3 - 2*q**2 + 2*q + 3. Let g be (27/(-36))/((-1)/(-4)). Determine j(g).
6
Let t(z) = -z**3 - 2*z**2 + 4*z + 3. Let h(a) = 11*a**3 - 2*a**2 + 2*a - 1. Let n be h(1). Let x be 6 + 1/2*2. Let y = x - n. Give t(y).
0
Let g(o) = -o + 2*o - 10 + 4 + 5. Let x(c) = -c**2 - 6*c + 11. Let n(t) = 4*g(t) + x(t). What is n(-5)?
-8
Suppose 36 = -4*z + 24. Let l(k) = -7*k - 2. Give l(z).
19
Let i(p) = -2*p - 1 - 6*p**2 + 4 + 3*p**2. Give i(2).
-13
Let f(n